21 (base 3) in base 8?
331415
-133453550 (base 6) to base 11
-1582a17
What is -7187112 (base 10) in base 2?
-11011011010101010101000
Convert 2c983 (base 16) to base 11.
115264
-61728 (base 9) to base 12
-1b668
What is 244235115 (base 6) in base 5?
2144424132
Convert 110223424 (base 5) to base 6.
14115043
-1125310223 (base 6) to base 4
-233332013013
804b93 (base 14) to base 6
232300445
Convert -10111101011010111 (base 2) to base 7.
-552515
11ea2 (base 15) to base 6
1121142
-41241313 (base 6) to base 9
-2208810
-123423404 (base 5) to base 3
-1010212222202
Convert 386187 (base 9) to base 4.
321022321
205157 (base 10) to base 3
101102102102
-100001001100111110010 (base 2) to base 9
-2037383
What is 11a4d (base 15) in base 8?
156003
Convert -1001203131 (base 5) to base 4.
-13202101320
Convert -202211210211 (base 3) to base 14.
-a9743
Convert -100001110100110101 (base 2) to base 4.
-201310311
Convert 314112141 (base 5) to base 12.
535a82
Convert -1ab6cc (base 13) to base 8.
-2464414
24c18 (base 14) to base 8
260106
What is 24406264 (base 7) in base 3?
11010010011011
Convert 317293 (base 10) to base 12.
133751
What is -111212012 (base 4) in base 8?
-254606
-4ed00f (base 16) to base 7
-61621342
-10c45 (base 16) to base 4
-100301011
-2313124 (base 6) to base 10
-118636
Convert 122122200000 (base 3) to base 4.
1110311202
What is 1456016 (base 7) in base 6?
4133025
-6426 (base 16) to base 12
-12a06
-10973097 (base 10) to base 3
-202122111021000
Convert 79608 (base 13) to base 3.
102012202220
-132040001 (base 5) to base 9
-1213565
What is 2505052 (base 6) in base 11?
91176
What is -3450600 (base 8) in base 10?
-938368
Convert 1400546 (base 7) to base 2.
101101001101000100
22643006 (base 9) to base 10
11011551
Convert -2211112300 (base 4) to base 8.
-2452660
Convert -21032 (base 9) to base 13.
-6419
Convert -c0279c (base 14) to base 5.
-3123222021
Convert 1111000010110 (base 2) to base 3.
101120021
What is 2a740 (base 15) in base 14?
37b19
63483 (base 11) to base 7
533300
What is 5425475 (base 8) in base 7?
15230514
-101011111101100010011 (base 2) to base 15
-1d6c56
Convert -b89006 (base 12) to base 13.
-7b25a7
What is -403003242 (base 5) in base 16?
-18905e
1100101110001111 (base 2) to base 12
261a7
What is 221947 (base 11) in base 7?
3002435
What is -223023111333 (base 4) in base 7?
-165130665
Convert 54535144 (base 7) to base 8.
21667201
What is -1b8539 (base 15) in base 3?
-2112022012200
What is -1112232111 (base 4) in base 15?
-703b6
-21877 (base 15) to base 5
-11402122
Convert -29991 (base 11) to base 14.
-11682
1110435212 (base 6) to base 10
12073400
What is 100001110110110011 (base 2) in base 16?
21db3
-5118840 (base 9) to base 8
-12322563
Convert -14445010 (base 8) to base 13.
-8b5165
fc86 (base 16) to base 13
2356a
What is -249d (base 16) in base 8?
-22235
What is 121121122121 (base 3) in base 5?
40431232
1310013103 (base 4) to base 11
2a5367
4b913 (base 16) to base 8
1134423
Convert 47466 (base 11) to base 2.
10000101101010101
What is 3022402 (base 7) in base 2?
1010111100011101001
-1001101100101101001 (base 2) to base 16
-4d969
Convert 44318 (base 10) to base 6.
541102
18705 (base 15) to base 12
39a05
What is -207044 (base 8) in base 16?
-10e24
-681173 (base 11) to base 8
-4107046
120000020000211 (base 3) to base 15
a783e1
What is -30320430 (base 5) in base 8?
-736573
What is 87318 (base 13) in base 16?
3baab
-5206460 (base 7) to base 10
-624155
What is cc37 (base 15) in base 6?
532124
What is 325d36 (base 16) in base 11?
1954922
-4d8573 (base 14) to base 6
-133150225
70b8b3 (base 16) to base 3
111220022111021
What is 254423 (base 7) in base 8?
134144
What is -28308050 (base 9) in base 4?
-311122011222
Convert -440a5 (base 12) to base 15.
-1b9db
What is 120001211000200 (base 3) in base 14?
10c61bc
What is 503793 (base 10) in base 2?
1111010111111110001
634134 (base 10) to base 3
1012012212110
-41662 (base 10) to base 16
-a2be
What is 7084346 (base 10) in base 3?
111022220220012
265426 (base 10) to base 3
111111002121
-10111010000111101001101 (base 2) to base 4
-113100331031
What is -23440376 (base 8) in base 15?
-6b4816
-100111010110001 (base 2) to base 7
-112506
What is -100736 (base 8) in base 12?
-172a6
Convert 236b6f (base 16) to base 5.
1043240023
What is -10110010110111111011 (base 2) in base 16?
-b2dfb
Convert -7b454 (base 12) to base 16.
-283c0
What is 2602 (base 13) in base 9?
7371
What is -33015343 (base 6) in base 16?
-efd0f
Convert b0019 (base 12) to base 16.
37b15
Convert -244715 (base 8) to base 12.
-40a39
What is -98b79 (base 16) in base 8?
-2305571
-52d82 (base 16) to base 9
-566423
Convert 3b1a30 (base 14) to base 12.
825022
What is 11304214 (base 6) in base 5?
42211431
Convert 418469 (base 11) to base 9.
1231122
Convert 10a947c (base 15) to base 10.
11928267
What is 1307b5 (base 15) in base 16?
dee63
What is 1783218 (base 9) in base 3?
1212210020122
Convert 1066564 (base 7) to base 3.
20211100221
-33302344 (base 5) to base 16
-4709e
Convert a2ea7 (base 16) to base 8.
2427247
Convert -60a52c (base 14) to base 7.
-36445655
Convert 254143350 (base 6) to base 7.
60103356
Convert 165977 (base 10) to base 15.
342a2
What is 918677 (base 16) in base 6?
540225235
847646 (base 12) to base 15
2b33c9
56601424 (base 7) to base 13
103590a
Convert -362064 (base 9) to base 11.
-139899
Convert 22144224 (base 5) to base 2.
101111010010011001
What is 6237529 (base 11) in base 14?
16669a0
-187408 (base 10) to base 13
-673c0
What is 315a8 (base 14) in base 16?
1d150
What is 215042 (base 10) in base 5?
23340132
Convert -12305436 (base 7) to base 11.
-699952
What is -202ba (base 12) in base 4?
-22032232
What is -1a904c (base 13) in base 11?
-422499
What is -1012102102212 (base 3) in base 14?
-128815
What is -21700340 (base 8) in base 2?
-10001111000000011100000
-16645640 (base 7) to base 12
-672228
Convert -3a7d92 (base 15) to base 7.
-32615342
-122121124 (base 5) to base 15
-b7994
What is 25344241 (base 7) in base 4?
20300300113
Convert -12101303331 (base 4) to base 5.
-410131241
What is 13320313321 (base 4) in base 5?
1012133321
Convert 3142130234 (base 5) to base 9.
13366781
What is -4300012320 (base 5) in base 11?
-50878a7
Convert 11012201 (base 3) to base 10.
3070
c3dc (base 14) to base 4
20032232
-11111010011111111 (base 2) to base 7
-1042631
Convert 18f65 (base 16) to base 14.
29393
-177412 (base 8) to base 13
-23944
Convert -433032 (base 8) to base 13.
-50c6b
What is -1022434404 (base 5) in base 7?
-24215363
What is -2427577 (base 9) in base 14?
-264350
Convert 341469 (base 10) to base 5.
41411334
-101011110111101011 (base 2) to base 5
-21222231
What is 954c95 (base 13) in base 11?
1a78149
Convert aba1b (base 13) to base 8.
1140303
What is -2074ad7 (base 14) in base 8?
-72413065
Convert -937208 (base 13) to base 11.
-1a418a1
What is -1332133123 (base 5) in base 8?
-14750706
-212021102210 (base 3) to base 12
-1a1156
-2a4613 (base 13) to base 14
-1d03dc
What is -1011202122121 (base 3) in base 15?
-c53bd
Convert 32212333 (base 4) to base 12.
2a767
-34698 (base 16) to base 6
-4333520
-27e32c (base 16) to base 3
-11220210211001
What is -102020201221 (base 3) in base 11?
-1413a6
Convert 7d10d (base 15) to base 2.
1100001010010011000
1cab1d (base 15) to base 16
1568f8
What is 132372 (base 9) in base 11?
55530
Convert -1110010100101010111 (base 2) to base 9.
-784723
b96452 (base 14) to base 15
840738
Convert 1942a (base 14) to base 10.
63934
What is -332214 (base 7) in base 2?
-1110010000110011
-173377 (base 10) to base 2
-101010010101000001
Convert -1046311 (base 7) to base 3.
-20120121001
Convert 12022202021210 (base 3) to base 8.
12626223
233113120 (base 4) to base 14
509ba
What is 347462 (base 11) in base 12?
227256
What is -61861 (base 12) in base 6?
-2421401
-434030410 (base 5) to base 12
-75920b
Convert -62562 (base 9) to base 8.
-120505
What is -3551357 (base 8) in base 13?
-280270
Convert -878513 (base 10) to base 5.
-211103023
-32752 (base 13) to base 3
-11122021111
What is 997bb1 (base 16) in base 9?
20830813
-9074b (base 12) to base 8
-556453
25751b2 (base 12) to base 13
16b0884
Convert -13d54 (base 15) to base 8.
-174412
-4140443 (base 5) to base 2
-10000101010011000
Convert 3440447 (base 10) to base 5.
1340043242
Convert -10434102